33020
In base 10, what is -1 - 60?
-61
In base 7, what is 103 - 0?
103
In base 5, what is 0 - 22103?
-22103
In base 16, what is 6e - 4?
6a
In base 13, what is 5b + -1?
5a
In base 7, what is 4 - -614?
621
In base 5, what is 300 + -11?
234
In base 2, what is -1111001010 + 1?
-1111001001
In base 5, what is 14022 - 10?
14012
In base 11, what is -3 + 36?
33
In base 9, what is 3 - -100?
103
In base 14, what is 6 + -41?
-39
In base 4, what is -23200 + -30?
-23230
In base 2, what is 11100010011 - -100?
11100010111
In base 15, what is -4 + -1320?
-1324
In base 4, what is -31 + -13033?
-13130
In base 6, what is -10 - -21?
11
In base 10, what is 117 + -40?
77
In base 8, what is 0 - 663?
-663
In base 2, what is -10111110 + 110?
-10111000
In base 6, what is -25 - -2?
-23
In base 14, what is -3 + -209?
-20c
In base 9, what is -6 - 32?
-38
In base 9, what is -158 + 3?
-155
In base 16, what is -171 + e?
-163
In base 7, what is -1 + 152?
151
In base 8, what is -50 + -5?
-55
In base 5, what is 2230 + 1?
2231
In base 11, what is 7 + -32?
-26
In base 2, what is -10010 + -1110100?
-10000110
In base 5, what is 4243 - -10?
4303
In base 12, what is -1a + 2?
-18
In base 5, what is -31 + -3322?
-3403
In base 8, what is 235 + 7?
244
In base 13, what is -60 - 16c?
-1cc
In base 8, what is 60 - -3?
63
In base 6, what is 11234 - 5?
11225
In base 10, what is -8128 - 2?
-8130
In base 2, what is -111010 + 11?
-110111
In base 3, what is -21021 - 11?
-21102
In base 15, what is 45 - 2?
43
In base 10, what is 5 + -161?
-156
In base 7, what is 23546 - 3?
23543
In base 3, what is 1 - -21001?
21002
In base 7, what is 13 + -6?
4
In base 7, what is 4 + 115?
122
In base 14, what is -1a5c + -2?
-1a60
In base 6, what is -5 + 225?
220
In base 8, what is -517 - -5?
-512
In base 6, what is -225 - 112?
-341
In base 16, what is 135 + 1?
136
In base 15, what is -2 - -156?
154
In base 4, what is -1121021 + 11?
-1121010
In base 15, what is 0 + 39?
39
In base 16, what is 1a8 + 6?
1ae
In base 3, what is 21 - -11?
102
In base 13, what is 413 - -5?
418
In base 4, what is -2 + 1232?
1230
In base 8, what is 2733 + 3?
2736
In base 8, what is 135 - 3?
132
In base 15, what is 8 - d?
-5
In base 6, what is 11104 - 4?
11100
In base 12, what is 228 - -3?
22b
In base 16, what is -1 - f?
-10
In base 15, what is -3 + -e3?
-e6
In base 13, what is 4241 + -5?
4239
In base 16, what is 1e - -1?
1f
In base 8, what is 107 + -7?
100
In base 13, what is 3 - -3?
6
In base 10, what is -41 - -3?
-38
In base 9, what is -11 + -5?
-16
In base 3, what is -112 + -11100?
-11212
In base 3, what is 1 + 20?
21
In base 5, what is 0 - 34?
-34
In base 14, what is -852 - c?
-860
In base 14, what is -3a + 0?
-3a
In base 8, what is 17173 + 3?
17176
In base 4, what is -100 - -10?
-30
In base 7, what is -4 - -4010?
4003
In base 10, what is 1014 - -2?
1016
In base 8, what is 3 + 2660?
2663
In base 6, what is 4 + -14342?
-14334
In base 15, what is -4 - -1cc?
1c8
In base 8, what is 2 - -455?
457
In base 5, what is 141 + -2?
134
In base 14, what is -20 + 73a?
71a
In base 11, what is 12 - 42?
-30
In base 4, what is -20030 - 2?
-20032
In base 9, what is 114 + -5?
108
In base 11, what is 2a - 2?
28
In base 3, what is 0 + 212020?
212020
In base 9, what is 2 + -56?
-54
In base 8, what is -5430 + 0?
-5430
In base 4, what is 20330 - -11?
21001
In base 16, what is -33 + -2?
-35
In base 5, what is -203 - 2131?
-2334
In base 9, what is 4 + 77?
82
In base 2, what is 0 - -100010?
100010
In base 9, what is -33 + -3?
-36
In base 16, what is 0 - 40?
-40
In base 15, what is -7 + -1?
-8
In base 7, what is 42 + 3?
45
In base 14, what is -6 + -34a?
-352
In base 16, what is -2 + 1ce?
1cc
In base 13, what is 87 - -4?
8b
In base 9, what is 630 + 2?
632
In base 14, what is 9 + -2b4?
-2a9
In base 10, what is 275 - -3?
278
In base 10, what is 7 + 18?
25
In base 15, what is -1ed - -3?
-1ea
In base 11, what is 407 - -2?
409
In base 3, what is 1102 - -2100?
10202
In base 6, what is 23 - -10?
33
In base 16, what is 8 - 121?
-119
In base 7, what is -3 - 300?
-303
In base 15, what is 90 - -5?
95
In base 12, what is 106 + -10?
b6
In base 14, what is 1 + 40?
41
In base 9, what is -124 - -125?
1
In base 5, what is 44 + -14?
30
In base 14, what is -3 + 19?
16
In base 6, what is -14 + 432?
414
In base 15, what is -1 + -7e?
-80
In base 15, what is -3 + -5b?
-5e
In base 16, what is 16a0 - 3?
169d
In base 13, what is -1 + 2c?
2b
In base 6, what is -3311 + -5?
-3320
In base 5, what is 30424 - 21?
30403
In base 2, what is 100 - -10000?
10100
In base 11, what is -2 - 7?
-9
In base 13, what is -1 + a9?
a8
In base 7, what is 3 - -621?
624
In base 2, what is 101010010 - -1100?
101011110
In base 2, what is 11001 - -1101?
100110
In base 7, what is 150 - -10?
160
In base 15, what is -3b - -3?
-38
In base 12, what is -3 - -b?
8
In base 9, what is -10186 + 4?
-10182
In base 5, what is 11 + 100134?
100200
In base 9, what is -2814 - -1?
-2813
In base 10, what is -4 + -212?
-216
In base 14, what is 1 + 2b1?
2b2
In base 11, what is -6 - -60?
55
In base 3, what is 1210 - 122?
1011
In base 7, what is -25 + 0?
-25
In base 15, what is 57b - 8?
573
In base 16, what is -1 - 19?
-1a
In base 8, what is 2 - 123?
-121
In base 5, what is -243 - 2?
-300
In base 12, what is 0 + 1b1b?
1b1b
In base 10, what is 0 - 52?
-52
In base 10, what is 107 - -1?
108
In base 8, what is -4210 - 1?
-4211
In base 10, what is 3 - 1323?
-1320
In base 5, what is -23203 + 2?
-23201
In base 7, what is -113 + 21?
-62
In base 8, what is -124 + 26?
-76
In base 10, what is -466 + 5?
-461
In base 14, what is -6 + 5?
-1
In base 15, what is 2 - -1a?
1c
In base 14, what is -1 - -14?
13
In base 10, what is 1280 - -6?
1286
In base 2, what is -10001 - -1000100?
110011
In base 12, what is 69 + 2?
6b
In base 11, what is 0 + -a?
-a
In base 8, what is -3 + 33?
30
In base 5, what is -202 + -1323?
-2030
In base 2, what is -11000101 - -101?
-11000000
In base 14, what is 1a + -14?
6
In base 8, what is -27506 + -2?
-27510
In base 2, what is 0 + 1011010?
1011010
In base 5, what is 1322 + 242?
2114
In base 10, what is 15 + 28?
43
In base 2, what is 1100 - 11101?
-10001
In base 12, what is 227 + 13?
23a
In base 2, what is 11 + -10010110?
-10010011
In base 9, what is 433 + 2?
435
In base 12, what is 4 + 52?
56
In base 14, what is -4 + 904?
900
In base 7, what is -10 + 11?
1
In base 2, what is -100000110100 - 101?
-100000111001
In base 11, what is 92 - -5?
97
In base 11, what is 24 + -5?
1a
In base 11, what is 4 + 1660?
1664
In base 10, what is 4 + -635?
-631
In base 2, what is -1 + 1100?
1011
In base 11, what is -4 + -77?
-80
In base 4, what is -12 + -112?
-130
In base 10, what is -11 + -277?
-288
In base 8, what is 66 + 316?
404
In base 6, what is -1 + -343?
-344
In base 9, what is -1 - 4?
-5
In base 10, what is 6 - 51?
-45
In base 14, what is -1 - -b5?
b4
In base 12, what is -76 - 6?
-80
In base 3, what is 2 - 10120010?
-10120001
In base 9, what is 0 - 148?
-148
In base 3, what is 1112100 - -11?
1112111
In base 2, what is 100 + -10001?
-1101
In base 9, what is -2 - -72?
70
In base 16, what is -2f4 + 5?
-2ef
In base 16, what is -3 + -261?
-264
In base 14, what is 0 - 199?
-199
In base 9, what is 15177 - 0?
15177
In base 3, what is 11221 + -20?
11201
In base 12, what is -5 + 1194?
118b
In base 2, what is -100000010 + -100?
-100000110
In base 2, what is -100 + -1101110111?
-1101111011
In base 7, what is 20632 - -5?
20640
In base 12, what is 67b + 0?
67b
In base 15, what is 2 - -398?
39a
In base 16, what is -3 - 30e?
-311
In base 16, what is d + -16?
-9
In base 5, what is 23 + 1?
24
In base 2, what is -101111100 + 10?
-101111010
In base 7, what is -4 - 1503?
-1510
In base 13, what is 31 - -122?
153
In base 15, what is 38e + 4?
393
In base 3, what is 0 + -1201?
-1201
In base 9, what is -218 - -14?
-204
In base 4, what is 1321 - 123?
1132
In base 7, what is 210 - -10?
220
In base 16, what is -e0 - -1?
-df
In base 13, what is 3 + 37?
3a
In base 16, what is 4e8 + -3?
4e5
In base 7, what is 10433 + -3?
10430
In base 14, what is -b0d7 - 4?
-b0db
In base 8, what is -2 - 36?
-40
In base 2, what is 11001010 - -1?
11001011
In base 6, what is -3035 - -10?
-3025
In base 9, what is 4 - -114?
118
In base 10, what is 63 + 3?
66
In base 13, what is 2 + -380?
-37b
In b